{"id":5539,"date":"2025-09-18T16:25:22","date_gmt":"2025-09-18T14:25:22","guid":{"rendered":"https:\/\/www.gang.lu\/?post_type=events&#038;p=5539"},"modified":"2026-04-16T16:10:25","modified_gmt":"2026-04-16T14:10:25","slug":"atelier-des-minis-chefs","status":"publish","type":"events","link":"https:\/\/www.gang.lu\/en\/events\/atelier-des-minis-chefs\/","title":{"rendered":"ATELIER DES MINI-CHEFS"},"content":{"rendered":"\n<p>Enfile ton tablier et viens devenir le roi du ice tea ! \ud83c\udf79\ud83d\udc51<\/p>\n\n\n\n<p>M\u00e9lange, go\u00fbte, d\u00e9couvre des saveurs\u2026 puis d\u00e9core ton gobelet comme tu veux \ud83c\udfa8<\/p>\n\n\n\n<p>Un atelier fun, color\u00e9 et super rafra\u00eechissant \u00e0 partager en famille.<br>Et bien s\u00fbr, tu repars avec TON ice tea et TON gobelet personnalis\u00e9 !<\/p>\n\n\n\n<p>\ud83d\udc67\ud83d\udc66 Atelier pour les enfants de 5 \u00e0 12 ans de 16h30 \u00e0 18h <\/p>\n\n\n\n<p>\ud83d\udcc6 sur r\u00e9servation 18\u20ac\/ enfant.<\/p>\n\n\n\n<p><\/p>\n","protected":false},"featured_media":8722,"template":"","class_list":["post-5539","events","type-events","status-publish","has-post-thumbnail","hentry"],"acf":[],"yoast_head":"<!-- This site is optimized with the Yoast SEO plugin v27.1.1 - https:\/\/yoast.com\/product\/yoast-seo-wordpress\/ -->\n<title>ATELIER DES MINI-CHEFS - GANG<\/title>\n<meta name=\"robots\" content=\"index, follow, max-snippet:-1, max-image-preview:large, max-video-preview:-1\" \/>\n<link rel=\"canonical\" href=\"https:\/\/www.gang.lu\/en\/events\/atelier-des-minis-chefs\/\" \/>\n<meta property=\"og:locale\" content=\"en_US\" \/>\n<meta property=\"og:type\" content=\"article\" \/>\n<meta property=\"og:title\" content=\"ATELIER DES MINI-CHEFS - GANG\" \/>\n<meta property=\"og:description\" content=\"Enfile ton tablier et viens devenir le roi du ice tea ! \ud83c\udf79\ud83d\udc51 M\u00e9lange, go\u00fbte, d\u00e9couvre des saveurs\u2026 puis d\u00e9core ton gobelet comme tu veux \ud83c\udfa8 Un atelier fun, color\u00e9 et super rafra\u00eechissant \u00e0 partager en famille.Et bien s\u00fbr, tu repars avec TON ice tea et TON gobelet personnalis\u00e9 ! \ud83d\udc67\ud83d\udc66 Atelier pour les enfants [&hellip;]\" \/>\n<meta property=\"og:url\" content=\"https:\/\/www.gang.lu\/en\/events\/atelier-des-minis-chefs\/\" \/>\n<meta property=\"og:site_name\" content=\"GANG\" \/>\n<meta property=\"article:modified_time\" content=\"2026-04-16T14:10:25+00:00\" \/>\n<meta property=\"og:image\" content=\"https:\/\/www.gang.lu\/wp-content\/uploads\/2025\/09\/Visuels-EVENT-SITE-7-2.png\" \/>\n\t<meta property=\"og:image:width\" content=\"400\" \/>\n\t<meta property=\"og:image:height\" content=\"400\" \/>\n\t<meta property=\"og:image:type\" content=\"image\/png\" \/>\n<meta name=\"twitter:card\" content=\"summary_large_image\" \/>\n<meta name=\"twitter:label1\" content=\"Est. reading time\" \/>\n\t<meta name=\"twitter:data1\" content=\"1 minute\" \/>\n<script type=\"application\/ld+json\" class=\"yoast-schema-graph\">{\"@context\":\"https:\/\/schema.org\",\"@graph\":[{\"@type\":\"WebPage\",\"@id\":\"https:\/\/www.gang.lu\/en\/events\/atelier-des-minis-chefs\/\",\"url\":\"https:\/\/www.gang.lu\/en\/events\/atelier-des-minis-chefs\/\",\"name\":\"ATELIER DES MINI-CHEFS - GANG\",\"isPartOf\":{\"@id\":\"https:\/\/www.gang.lu\/en\/#website\"},\"primaryImageOfPage\":{\"@id\":\"https:\/\/www.gang.lu\/en\/events\/atelier-des-minis-chefs\/#primaryimage\"},\"image\":{\"@id\":\"https:\/\/www.gang.lu\/en\/events\/atelier-des-minis-chefs\/#primaryimage\"},\"thumbnailUrl\":\"https:\/\/www.gang.lu\/wp-content\/uploads\/2025\/09\/Visuels-EVENT-SITE-7-2.png\",\"datePublished\":\"2025-09-18T14:25:22+00:00\",\"dateModified\":\"2026-04-16T14:10:25+00:00\",\"inLanguage\":\"en-US\",\"potentialAction\":[{\"@type\":\"ReadAction\",\"target\":[\"https:\/\/www.gang.lu\/en\/events\/atelier-des-minis-chefs\/\"]}]},{\"@type\":\"ImageObject\",\"inLanguage\":\"en-US\",\"@id\":\"https:\/\/www.gang.lu\/en\/events\/atelier-des-minis-chefs\/#primaryimage\",\"url\":\"https:\/\/www.gang.lu\/wp-content\/uploads\/2025\/09\/Visuels-EVENT-SITE-7-2.png\",\"contentUrl\":\"https:\/\/www.gang.lu\/wp-content\/uploads\/2025\/09\/Visuels-EVENT-SITE-7-2.png\",\"width\":400,\"height\":400},{\"@type\":\"WebSite\",\"@id\":\"https:\/\/www.gang.lu\/en\/#website\",\"url\":\"https:\/\/www.gang.lu\/en\/\",\"name\":\"GANG\",\"description\":\"GANG\",\"potentialAction\":[{\"@type\":\"SearchAction\",\"target\":{\"@type\":\"EntryPoint\",\"urlTemplate\":\"https:\/\/www.gang.lu\/en\/?s={search_term_string}\"},\"query-input\":{\"@type\":\"PropertyValueSpecification\",\"valueRequired\":true,\"valueName\":\"search_term_string\"}}],\"inLanguage\":\"en-US\"}]}<\/script>\n<!-- \/ Yoast SEO plugin. -->","yoast_head_json":{"title":"ATELIER DES MINI-CHEFS - GANG","robots":{"index":"index","follow":"follow","max-snippet":"max-snippet:-1","max-image-preview":"max-image-preview:large","max-video-preview":"max-video-preview:-1"},"canonical":"https:\/\/www.gang.lu\/en\/events\/atelier-des-minis-chefs\/","og_locale":"en_US","og_type":"article","og_title":"ATELIER DES MINI-CHEFS - GANG","og_description":"Enfile ton tablier et viens devenir le roi du ice tea ! \ud83c\udf79\ud83d\udc51 M\u00e9lange, go\u00fbte, d\u00e9couvre des saveurs\u2026 puis d\u00e9core ton gobelet comme tu veux \ud83c\udfa8 Un atelier fun, color\u00e9 et super rafra\u00eechissant \u00e0 partager en famille.Et bien s\u00fbr, tu repars avec TON ice tea et TON gobelet personnalis\u00e9 ! \ud83d\udc67\ud83d\udc66 Atelier pour les enfants [&hellip;]","og_url":"https:\/\/www.gang.lu\/en\/events\/atelier-des-minis-chefs\/","og_site_name":"GANG","article_modified_time":"2026-04-16T14:10:25+00:00","og_image":[{"width":400,"height":400,"url":"https:\/\/www.gang.lu\/wp-content\/uploads\/2025\/09\/Visuels-EVENT-SITE-7-2.png","type":"image\/png"}],"twitter_card":"summary_large_image","twitter_misc":{"Est. reading time":"1 minute"},"schema":{"@context":"https:\/\/schema.org","@graph":[{"@type":"WebPage","@id":"https:\/\/www.gang.lu\/en\/events\/atelier-des-minis-chefs\/","url":"https:\/\/www.gang.lu\/en\/events\/atelier-des-minis-chefs\/","name":"ATELIER DES MINI-CHEFS - GANG","isPartOf":{"@id":"https:\/\/www.gang.lu\/en\/#website"},"primaryImageOfPage":{"@id":"https:\/\/www.gang.lu\/en\/events\/atelier-des-minis-chefs\/#primaryimage"},"image":{"@id":"https:\/\/www.gang.lu\/en\/events\/atelier-des-minis-chefs\/#primaryimage"},"thumbnailUrl":"https:\/\/www.gang.lu\/wp-content\/uploads\/2025\/09\/Visuels-EVENT-SITE-7-2.png","datePublished":"2025-09-18T14:25:22+00:00","dateModified":"2026-04-16T14:10:25+00:00","inLanguage":"en-US","potentialAction":[{"@type":"ReadAction","target":["https:\/\/www.gang.lu\/en\/events\/atelier-des-minis-chefs\/"]}]},{"@type":"ImageObject","inLanguage":"en-US","@id":"https:\/\/www.gang.lu\/en\/events\/atelier-des-minis-chefs\/#primaryimage","url":"https:\/\/www.gang.lu\/wp-content\/uploads\/2025\/09\/Visuels-EVENT-SITE-7-2.png","contentUrl":"https:\/\/www.gang.lu\/wp-content\/uploads\/2025\/09\/Visuels-EVENT-SITE-7-2.png","width":400,"height":400},{"@type":"WebSite","@id":"https:\/\/www.gang.lu\/en\/#website","url":"https:\/\/www.gang.lu\/en\/","name":"GANG","description":"GANG","potentialAction":[{"@type":"SearchAction","target":{"@type":"EntryPoint","urlTemplate":"https:\/\/www.gang.lu\/en\/?s={search_term_string}"},"query-input":{"@type":"PropertyValueSpecification","valueRequired":true,"valueName":"search_term_string"}}],"inLanguage":"en-US"}]}},"_links":{"self":[{"href":"https:\/\/www.gang.lu\/en\/wp-json\/wp\/v2\/events\/5539","targetHints":{"allow":["GET"]}}],"collection":[{"href":"https:\/\/www.gang.lu\/en\/wp-json\/wp\/v2\/events"}],"about":[{"href":"https:\/\/www.gang.lu\/en\/wp-json\/wp\/v2\/types\/events"}],"wp:featuredmedia":[{"embeddable":true,"href":"https:\/\/www.gang.lu\/en\/wp-json\/wp\/v2\/media\/8722"}],"wp:attachment":[{"href":"https:\/\/www.gang.lu\/en\/wp-json\/wp\/v2\/media?parent=5539"}],"curies":[{"name":"wp","href":"https:\/\/api.w.org\/{rel}","templated":true}]}}

<p>Enfile ton tablier et viens devenir le roi du ice tea ! 🍹👑</p>



<p>Mélange, goûte, découvre des saveurs… puis décore ton gobelet comme tu veux 🎨</p>



<p>Un atelier fun, coloré et super rafraîchissant à partager en famille.<br>Et bien sûr, tu repars avec TON ice tea et TON gobelet personnalisé !</p>



<p>👧👦 Atelier pour les enfants de 5 à 12 ans de 16h30 à 18h </p>



<p>📆 sur réservation 18€/ enfant.</p>



<p></p>

<!-- This site is optimized with the Yoast SEO plugin v27.1.1 - https://yoast.com/product/yoast-seo-wordpress/ -->
<title>ATELIER DES MINI-CHEFS - GANG</title>
<meta name="robots" content="index, follow, max-snippet:-1, max-image-preview:large, max-video-preview:-1" />
<link rel="canonical" href="https://www.gang.lu/en/events/atelier-des-minis-chefs/" />
<meta property="og:locale" content="en_US" />
<meta property="og:type" content="article" />
<meta property="og:title" content="ATELIER DES MINI-CHEFS - GANG" />
<meta property="og:description" content="Enfile ton tablier et viens devenir le roi du ice tea ! 🍹👑 Mélange, goûte, découvre des saveurs… puis décore ton gobelet comme tu veux 🎨 Un atelier fun, coloré et super rafraîchissant à partager en famille.Et bien sûr, tu repars avec TON ice tea et TON gobelet personnalisé ! 👧👦 Atelier pour les enfants [&hellip;]" />
<meta property="og:url" content="https://www.gang.lu/en/events/atelier-des-minis-chefs/" />
<meta property="og:site_name" content="GANG" />
<meta property="article:modified_time" content="2026-04-16T14:10:25+00:00" />
<meta property="og:image" content="https://www.gang.lu/wp-content/uploads/2025/09/Visuels-EVENT-SITE-7-2.png" />
	<meta property="og:image:width" content="400" />
	<meta property="og:image:height" content="400" />
	<meta property="og:image:type" content="image/png" />
<meta name="twitter:card" content="summary_large_image" />
<meta name="twitter:label1" content="Est. reading time" />
	<meta name="twitter:data1" content="1 minute" />
<script type="application/ld+json" class="yoast-schema-graph">{"@context":"https://schema.org","@graph":[{"@type":"WebPage","@id":"https://www.gang.lu/en/events/atelier-des-minis-chefs/","url":"https://www.gang.lu/en/events/atelier-des-minis-chefs/","name":"ATELIER DES MINI-CHEFS - GANG","isPartOf":{"@id":"https://www.gang.lu/en/#website"},"primaryImageOfPage":{"@id":"https://www.gang.lu/en/events/atelier-des-minis-chefs/#primaryimage"},"image":{"@id":"https://www.gang.lu/en/events/atelier-des-minis-chefs/#primaryimage"},"thumbnailUrl":"https://www.gang.lu/wp-content/uploads/2025/09/Visuels-EVENT-SITE-7-2.png","datePublished":"2025-09-18T14:25:22+00:00","dateModified":"2026-04-16T14:10:25+00:00","inLanguage":"en-US","potentialAction":[{"@type":"ReadAction","target":["https://www.gang.lu/en/events/atelier-des-minis-chefs/"]}]},{"@type":"ImageObject","inLanguage":"en-US","@id":"https://www.gang.lu/en/events/atelier-des-minis-chefs/#primaryimage","url":"https://www.gang.lu/wp-content/uploads/2025/09/Visuels-EVENT-SITE-7-2.png","contentUrl":"https://www.gang.lu/wp-content/uploads/2025/09/Visuels-EVENT-SITE-7-2.png","width":400,"height":400},{"@type":"WebSite","@id":"https://www.gang.lu/en/#website","url":"https://www.gang.lu/en/","name":"GANG","description":"GANG","potentialAction":[{"@type":"SearchAction","target":{"@type":"EntryPoint","urlTemplate":"https://www.gang.lu/en/?s={search_term_string}"},"query-input":{"@type":"PropertyValueSpecification","valueRequired":true,"valueName":"search_term_string"}}],"inLanguage":"en-US"}]}</script>
<!-- / Yoast SEO plugin. -->

Enfile ton tablier et viens devenir le roi du ice tea ! 🍹👑 Mélange, goûte, découvre des saveurs… puis décore ton gobelet comme tu veux 🎨 Un atelier fun, coloré et super rafraîchissant à partager en famille.Et bien sûr, tu repars avec TON ice tea et TON gobelet personnalisé ! 👧👦 Atelier pour les enfants [&hellip;]
