{"id":3716,"date":"2025-05-02T10:24:32","date_gmt":"2025-05-02T08:24:32","guid":{"rendered":"https:\/\/www.gang.lu\/?post_type=events&#038;p=3716"},"modified":"2026-04-28T14:11:03","modified_gmt":"2026-04-28T12:11:03","slug":"brunch-mammendag","status":"publish","type":"events","link":"https:\/\/www.gang.lu\/en\/events\/brunch-mammendag\/","title":{"rendered":"BRUNCH MAMMENDAG \ud83c\udf38"},"content":{"rendered":"\n<p>Notre brunch Mammendag t\u2019attend pour un moment chaleureux et gourmand \u00e0 souhait !Imagine une grande tabl\u00e9e, des rires, des verres qui trinquent et un buffet qui met l\u2019eau \u00e0 la bouche.<\/p>\n\n\n\n<p><strong>Et pour les plus rapides \u00e0 r\u00e9server, la terrasse sera disponible pour ceux qui souhaitent profiter du soleil<\/strong> \u2600\ufe0f<\/p>\n\n\n\n<p><strong><em>Profite pleinement d&#8217;un moment convivial <\/em><\/strong><\/p>\n\n\n\n<div class=\"wp-block-group is-vertical is-layout-flex wp-container-core-group-is-layout-8cf370e7 wp-block-group-is-layout-flex\">\n<p><strong><em>Brunch \u00e0 volont\u00e9&nbsp;au prix de :&nbsp;<\/em><\/strong><\/p>\n\n\n\n<p>\u27a4 52\u20ac\/adulte<\/p>\n\n\n\n<p>\u27a4 22\u20ac\/de 6 \u00e0 11 ans<\/p>\n\n\n\n<p>\u27a4 12\u20ac\/de 2 \u00e0 5 ans<\/p>\n\n\n\n<p><strong>Gratuit pour les moins de 2 ans<\/strong><\/p>\n<\/div>\n\n\n\n<p><\/p>\n","protected":false},"featured_media":4864,"template":"","class_list":["post-3716","events","type-events","status-publish","has-post-thumbnail","hentry"],"acf":[],"yoast_head":"<!-- This site is optimized with the Yoast SEO plugin v27.1.1 - https:\/\/yoast.com\/product\/yoast-seo-wordpress\/ -->\n<title>BRUNCH MAMMENDAG \ud83c\udf38 - GANG<\/title>\n<meta name=\"description\" content=\"\/ Brunch Mammendag \/ Ram\u00e8ne ta famille ou tes amis, le dimanche 8 juin d\u00e8s 11h, et profite d&#039;un buffet \u00e0 volont\u00e9 au G.A.N.G. !\" \/>\n<meta name=\"robots\" content=\"index, follow, max-snippet:-1, max-image-preview:large, max-video-preview:-1\" \/>\n<link rel=\"canonical\" href=\"https:\/\/www.gang.lu\/en\/events\/brunch-mammendag\/\" \/>\n<meta property=\"og:locale\" content=\"en_US\" \/>\n<meta property=\"og:type\" content=\"article\" \/>\n<meta property=\"og:title\" content=\"BRUNCH MAMMENDAG \ud83c\udf38 - GANG\" \/>\n<meta property=\"og:description\" content=\"\/ Brunch Mammendag \/ Ram\u00e8ne ta famille ou tes amis, le dimanche 8 juin d\u00e8s 11h, et profite d&#039;un buffet \u00e0 volont\u00e9 au G.A.N.G. !\" \/>\n<meta property=\"og:url\" content=\"https:\/\/www.gang.lu\/en\/events\/brunch-mammendag\/\" \/>\n<meta property=\"og:site_name\" content=\"GANG\" \/>\n<meta property=\"article:modified_time\" content=\"2026-04-28T12:11:03+00:00\" \/>\n<meta property=\"og:image\" content=\"https:\/\/www.gang.lu\/wp-content\/uploads\/2025\/07\/Visuels-EVENT-SITE-3.png\" \/>\n\t<meta property=\"og:image:width\" content=\"400\" \/>\n\t<meta property=\"og:image:height\" content=\"400\" \/>\n\t<meta property=\"og:image:type\" content=\"image\/png\" \/>\n<meta name=\"twitter:card\" content=\"summary_large_image\" \/>\n<meta name=\"twitter:label1\" content=\"Est. reading time\" \/>\n\t<meta name=\"twitter:data1\" content=\"1 minute\" \/>\n<script type=\"application\/ld+json\" class=\"yoast-schema-graph\">{\"@context\":\"https:\/\/schema.org\",\"@graph\":[{\"@type\":\"WebPage\",\"@id\":\"https:\/\/www.gang.lu\/en\/events\/brunch-mammendag\/\",\"url\":\"https:\/\/www.gang.lu\/en\/events\/brunch-mammendag\/\",\"name\":\"BRUNCH MAMMENDAG \ud83c\udf38 - GANG\",\"isPartOf\":{\"@id\":\"https:\/\/www.gang.lu\/en\/#website\"},\"primaryImageOfPage\":{\"@id\":\"https:\/\/www.gang.lu\/en\/events\/brunch-mammendag\/#primaryimage\"},\"image\":{\"@id\":\"https:\/\/www.gang.lu\/en\/events\/brunch-mammendag\/#primaryimage\"},\"thumbnailUrl\":\"https:\/\/www.gang.lu\/wp-content\/uploads\/2025\/07\/Visuels-EVENT-SITE-3.png\",\"datePublished\":\"2025-05-02T08:24:32+00:00\",\"dateModified\":\"2026-04-28T12:11:03+00:00\",\"description\":\"\/ Brunch Mammendag \/ Ram\u00e8ne ta famille ou tes amis, le dimanche 8 juin d\u00e8s 11h, et profite d'un buffet \u00e0 volont\u00e9 au G.A.N.G. !\",\"inLanguage\":\"en-US\",\"potentialAction\":[{\"@type\":\"ReadAction\",\"target\":[\"https:\/\/www.gang.lu\/en\/events\/brunch-mammendag\/\"]}]},{\"@type\":\"ImageObject\",\"inLanguage\":\"en-US\",\"@id\":\"https:\/\/www.gang.lu\/en\/events\/brunch-mammendag\/#primaryimage\",\"url\":\"https:\/\/www.gang.lu\/wp-content\/uploads\/2025\/07\/Visuels-EVENT-SITE-3.png\",\"contentUrl\":\"https:\/\/www.gang.lu\/wp-content\/uploads\/2025\/07\/Visuels-EVENT-SITE-3.png\",\"width\":400,\"height\":400,\"caption\":\"terrasse\"},{\"@type\":\"WebSite\",\"@id\":\"https:\/\/www.gang.lu\/en\/#website\",\"url\":\"https:\/\/www.gang.lu\/en\/\",\"name\":\"GANG\",\"description\":\"GANG\",\"potentialAction\":[{\"@type\":\"SearchAction\",\"target\":{\"@type\":\"EntryPoint\",\"urlTemplate\":\"https:\/\/www.gang.lu\/en\/?s={search_term_string}\"},\"query-input\":{\"@type\":\"PropertyValueSpecification\",\"valueRequired\":true,\"valueName\":\"search_term_string\"}}],\"inLanguage\":\"en-US\"}]}<\/script>\n<!-- \/ Yoast SEO plugin. -->","yoast_head_json":{"title":"BRUNCH MAMMENDAG \ud83c\udf38 - GANG","description":"\/ Brunch Mammendag \/ Ram\u00e8ne ta famille ou tes amis, le dimanche 8 juin d\u00e8s 11h, et profite d'un buffet \u00e0 volont\u00e9 au G.A.N.G. !","robots":{"index":"index","follow":"follow","max-snippet":"max-snippet:-1","max-image-preview":"max-image-preview:large","max-video-preview":"max-video-preview:-1"},"canonical":"https:\/\/www.gang.lu\/en\/events\/brunch-mammendag\/","og_locale":"en_US","og_type":"article","og_title":"BRUNCH MAMMENDAG \ud83c\udf38 - GANG","og_description":"\/ Brunch Mammendag \/ Ram\u00e8ne ta famille ou tes amis, le dimanche 8 juin d\u00e8s 11h, et profite d'un buffet \u00e0 volont\u00e9 au G.A.N.G. !","og_url":"https:\/\/www.gang.lu\/en\/events\/brunch-mammendag\/","og_site_name":"GANG","article_modified_time":"2026-04-28T12:11:03+00:00","og_image":[{"width":400,"height":400,"url":"https:\/\/www.gang.lu\/wp-content\/uploads\/2025\/07\/Visuels-EVENT-SITE-3.png","type":"image\/png"}],"twitter_card":"summary_large_image","twitter_misc":{"Est. reading time":"1 minute"},"schema":{"@context":"https:\/\/schema.org","@graph":[{"@type":"WebPage","@id":"https:\/\/www.gang.lu\/en\/events\/brunch-mammendag\/","url":"https:\/\/www.gang.lu\/en\/events\/brunch-mammendag\/","name":"BRUNCH MAMMENDAG \ud83c\udf38 - GANG","isPartOf":{"@id":"https:\/\/www.gang.lu\/en\/#website"},"primaryImageOfPage":{"@id":"https:\/\/www.gang.lu\/en\/events\/brunch-mammendag\/#primaryimage"},"image":{"@id":"https:\/\/www.gang.lu\/en\/events\/brunch-mammendag\/#primaryimage"},"thumbnailUrl":"https:\/\/www.gang.lu\/wp-content\/uploads\/2025\/07\/Visuels-EVENT-SITE-3.png","datePublished":"2025-05-02T08:24:32+00:00","dateModified":"2026-04-28T12:11:03+00:00","description":"\/ Brunch Mammendag \/ Ram\u00e8ne ta famille ou tes amis, le dimanche 8 juin d\u00e8s 11h, et profite d'un buffet \u00e0 volont\u00e9 au G.A.N.G. !","inLanguage":"en-US","potentialAction":[{"@type":"ReadAction","target":["https:\/\/www.gang.lu\/en\/events\/brunch-mammendag\/"]}]},{"@type":"ImageObject","inLanguage":"en-US","@id":"https:\/\/www.gang.lu\/en\/events\/brunch-mammendag\/#primaryimage","url":"https:\/\/www.gang.lu\/wp-content\/uploads\/2025\/07\/Visuels-EVENT-SITE-3.png","contentUrl":"https:\/\/www.gang.lu\/wp-content\/uploads\/2025\/07\/Visuels-EVENT-SITE-3.png","width":400,"height":400,"caption":"terrasse"},{"@type":"WebSite","@id":"https:\/\/www.gang.lu\/en\/#website","url":"https:\/\/www.gang.lu\/en\/","name":"GANG","description":"GANG","potentialAction":[{"@type":"SearchAction","target":{"@type":"EntryPoint","urlTemplate":"https:\/\/www.gang.lu\/en\/?s={search_term_string}"},"query-input":{"@type":"PropertyValueSpecification","valueRequired":true,"valueName":"search_term_string"}}],"inLanguage":"en-US"}]}},"_links":{"self":[{"href":"https:\/\/www.gang.lu\/en\/wp-json\/wp\/v2\/events\/3716","targetHints":{"allow":["GET"]}}],"collection":[{"href":"https:\/\/www.gang.lu\/en\/wp-json\/wp\/v2\/events"}],"about":[{"href":"https:\/\/www.gang.lu\/en\/wp-json\/wp\/v2\/types\/events"}],"wp:featuredmedia":[{"embeddable":true,"href":"https:\/\/www.gang.lu\/en\/wp-json\/wp\/v2\/media\/4864"}],"wp:attachment":[{"href":"https:\/\/www.gang.lu\/en\/wp-json\/wp\/v2\/media?parent=3716"}],"curies":[{"name":"wp","href":"https:\/\/api.w.org\/{rel}","templated":true}]}}

<p>Notre brunch Mammendag t’attend pour un moment chaleureux et gourmand à souhait !Imagine une grande tablée, des rires, des verres qui trinquent et un buffet qui met l’eau à la bouche.</p>



<p><strong>Et pour les plus rapides à réserver, la terrasse sera disponible pour ceux qui souhaitent profiter du soleil</strong> ☀️</p>



<p><strong><em>Profite pleinement d&#8217;un moment convivial </em></strong></p>



<div class="wp-block-group is-vertical is-layout-flex wp-container-core-group-is-layout-8cf370e7 wp-block-group-is-layout-flex">
<p><strong><em>Brunch à volonté&nbsp;au prix de :&nbsp;</em></strong></p>



<p>➤ 52€/adulte</p>



<p>➤ 22€/de 6 à 11 ans</p>



<p>➤ 12€/de 2 à 5 ans</p>



<p><strong>Gratuit pour les moins de 2 ans</strong></p>
</div>



<p></p>

<!-- This site is optimized with the Yoast SEO plugin v27.1.1 - https://yoast.com/product/yoast-seo-wordpress/ -->
<title>BRUNCH MAMMENDAG 🌸 - GANG</title>
<meta name="description" content="/ Brunch Mammendag / Ramène ta famille ou tes amis, le dimanche 8 juin dès 11h, et profite d&#039;un buffet à volonté au G.A.N.G. !" />
<meta name="robots" content="index, follow, max-snippet:-1, max-image-preview:large, max-video-preview:-1" />
<link rel="canonical" href="https://www.gang.lu/en/events/brunch-mammendag/" />
<meta property="og:locale" content="en_US" />
<meta property="og:type" content="article" />
<meta property="og:title" content="BRUNCH MAMMENDAG 🌸 - GANG" />
<meta property="og:description" content="/ Brunch Mammendag / Ramène ta famille ou tes amis, le dimanche 8 juin dès 11h, et profite d&#039;un buffet à volonté au G.A.N.G. !" />
<meta property="og:url" content="https://www.gang.lu/en/events/brunch-mammendag/" />
<meta property="og:site_name" content="GANG" />
<meta property="article:modified_time" content="2026-04-28T12:11:03+00:00" />
<meta property="og:image" content="https://www.gang.lu/wp-content/uploads/2025/07/Visuels-EVENT-SITE-3.png" />
	<meta property="og:image:width" content="400" />
	<meta property="og:image:height" content="400" />
	<meta property="og:image:type" content="image/png" />
<meta name="twitter:card" content="summary_large_image" />
<meta name="twitter:label1" content="Est. reading time" />
	<meta name="twitter:data1" content="1 minute" />
<script type="application/ld+json" class="yoast-schema-graph">{"@context":"https://schema.org","@graph":[{"@type":"WebPage","@id":"https://www.gang.lu/en/events/brunch-mammendag/","url":"https://www.gang.lu/en/events/brunch-mammendag/","name":"BRUNCH MAMMENDAG 🌸 - GANG","isPartOf":{"@id":"https://www.gang.lu/en/#website"},"primaryImageOfPage":{"@id":"https://www.gang.lu/en/events/brunch-mammendag/#primaryimage"},"image":{"@id":"https://www.gang.lu/en/events/brunch-mammendag/#primaryimage"},"thumbnailUrl":"https://www.gang.lu/wp-content/uploads/2025/07/Visuels-EVENT-SITE-3.png","datePublished":"2025-05-02T08:24:32+00:00","dateModified":"2026-04-28T12:11:03+00:00","description":"/ Brunch Mammendag / Ramène ta famille ou tes amis, le dimanche 8 juin dès 11h, et profite d'un buffet à volonté au G.A.N.G. !","inLanguage":"en-US","potentialAction":[{"@type":"ReadAction","target":["https://www.gang.lu/en/events/brunch-mammendag/"]}]},{"@type":"ImageObject","inLanguage":"en-US","@id":"https://www.gang.lu/en/events/brunch-mammendag/#primaryimage","url":"https://www.gang.lu/wp-content/uploads/2025/07/Visuels-EVENT-SITE-3.png","contentUrl":"https://www.gang.lu/wp-content/uploads/2025/07/Visuels-EVENT-SITE-3.png","width":400,"height":400,"caption":"terrasse"},{"@type":"WebSite","@id":"https://www.gang.lu/en/#website","url":"https://www.gang.lu/en/","name":"GANG","description":"GANG","potentialAction":[{"@type":"SearchAction","target":{"@type":"EntryPoint","urlTemplate":"https://www.gang.lu/en/?s={search_term_string}"},"query-input":{"@type":"PropertyValueSpecification","valueRequired":true,"valueName":"search_term_string"}}],"inLanguage":"en-US"}]}</script>
<!-- / Yoast SEO plugin. -->

/ Brunch Mammendag / Ramène ta famille ou tes amis, le dimanche 8 juin dès 11h, et profite d'un buffet à volonté au G.A.N.G. !
